{"id":176,"date":"2021-12-20T02:09:37","date_gmt":"2021-12-20T02:09:37","guid":{"rendered":"http:\/\/test.nahsushi.fr\/restaurants\/panier\/"},"modified":"2022-03-03T18:46:51","modified_gmt":"2022-03-03T18:46:51","slug":"panier","status":"publish","type":"page","link":"https:\/\/nahsushi.fr\/restos2\/panier\/","title":{"rendered":"Panier"},"content":{"rendered":"\t\t<div data-elementor-type=\"wp-page\" data-elementor-id=\"176\" class=\"elementor elementor-176\">\n\t\t\t\t\t\t<section class=\"elementor-section elementor-top-section elementor-element elementor-element-0644116 elementor-section-boxed elementor-section-height-default elementor-section-height-default\" data-id=\"0644116\" data-element_type=\"section\" data-e-type=\"section\">\n\t\t\t\t\t\t<div class=\"elementor-container elementor-column-gap-default\">\n\t\t\t\t\t<div class=\"elementor-column elementor-col-33 elementor-top-column elementor-element elementor-element-0d072f1\" data-id=\"0d072f1\" data-element_type=\"column\" data-e-type=\"column\">\n\t\t\t<div class=\"elementor-widget-wrap elementor-element-populated\">\n\t\t\t\t\t\t<div class=\"elementor-element elementor-element-a188b15 elementor-widget elementor-widget-heading\" data-id=\"a188b15\" data-element_type=\"widget\" data-e-type=\"widget\" data-widget_type=\"heading.default\">\n\t\t\t\t<div class=\"elementor-widget-container\">\n\t\t\t\t\t<p class=\"elementor-heading-title elementor-size-default\">Votre panier<\/p>\t\t\t\t<\/div>\n\t\t\t\t<\/div>\n\t\t\t\t\t<\/div>\n\t\t<\/div>\n\t\t\t\t<div class=\"elementor-column elementor-col-33 elementor-top-column elementor-element elementor-element-91f6e42\" data-id=\"91f6e42\" data-element_type=\"column\" data-e-type=\"column\">\n\t\t\t<div class=\"elementor-widget-wrap\">\n\t\t\t\t\t\t\t<\/div>\n\t\t<\/div>\n\t\t\t\t<div class=\"elementor-column elementor-col-33 elementor-top-column elementor-element elementor-element-b49c624\" data-id=\"b49c624\" data-element_type=\"column\" data-e-type=\"column\">\n\t\t\t<div class=\"elementor-widget-wrap elementor-element-populated\">\n\t\t\t\t\t\t<div class=\"elementor-element elementor-element-ec1a2a1 elementor-align-right elementor-widget elementor-widget-button\" data-id=\"ec1a2a1\" data-element_type=\"widget\" data-e-type=\"widget\" data-widget_type=\"button.default\">\n\t\t\t\t<div class=\"elementor-widget-container\">\n\t\t\t\t\t\t\t\t\t<div class=\"elementor-button-wrapper\">\n\t\t\t\t\t<a class=\"elementor-button elementor-button-link elementor-size-lg\" href=\"\/restos2\">\n\t\t\t\t\t\t<span class=\"elementor-button-content-wrapper\">\n\t\t\t\t\t\t<span class=\"elementor-button-icon\">\n\t\t\t\t<i aria-hidden=\"true\" class=\"fas fa-cart-arrow-down\"><\/i>\t\t\t<\/span>\n\t\t\t\t\t\t\t\t\t<span class=\"elementor-button-text\">Retour \u00e0 la boutique<\/span>\n\t\t\t\t\t<\/span>\n\t\t\t\t\t<\/a>\n\t\t\t\t<\/div>\n\t\t\t\t\t\t\t\t<\/div>\n\t\t\t\t<\/div>\n\t\t\t\t\t<\/div>\n\t\t<\/div>\n\t\t\t\t\t<\/div>\n\t\t<\/section>\n\t\t\t\t<section class=\"elementor-section elementor-top-section elementor-element elementor-element-0799c45 elementor-section-boxed elementor-section-height-default elementor-section-height-default\" data-id=\"0799c45\" data-element_type=\"section\" data-e-type=\"section\">\n\t\t\t\t\t\t<div class=\"elementor-container elementor-column-gap-default\">\n\t\t\t\t\t<div class=\"elementor-column elementor-col-100 elementor-top-column elementor-element elementor-element-c19599c\" data-id=\"c19599c\" data-element_type=\"column\" data-e-type=\"column\">\n\t\t\t<div class=\"elementor-widget-wrap elementor-element-populated\">\n\t\t\t\t\t\t<div class=\"elementor-element elementor-element-882cedf elementor-widget-divider--view-line elementor-widget elementor-widget-divider\" data-id=\"882cedf\" data-element_type=\"widget\" data-e-type=\"widget\" data-widget_type=\"divider.default\">\n\t\t\t\t<div class=\"elementor-widget-container\">\n\t\t\t\t\t\t\t<div class=\"elementor-divider\">\n\t\t\t<span class=\"elementor-divider-separator\">\n\t\t\t\t\t\t<\/span>\n\t\t<\/div>\n\t\t\t\t\t\t<\/div>\n\t\t\t\t<\/div>\n\t\t\t\t\t<\/div>\n\t\t<\/div>\n\t\t\t\t\t<\/div>\n\t\t<\/section>\n\t\t\t\t<section class=\"elementor-section elementor-top-section elementor-element elementor-element-96f706b elementor-section-boxed elementor-section-height-default elementor-section-height-default\" data-id=\"96f706b\" data-element_type=\"section\" data-e-type=\"section\">\n\t\t\t\t\t\t<div class=\"elementor-container elementor-column-gap-default\">\n\t\t\t\t\t<div class=\"elementor-column elementor-col-100 elementor-top-column elementor-element elementor-element-9db28d7\" data-id=\"9db28d7\" data-element_type=\"column\" data-e-type=\"column\">\n\t\t\t<div class=\"elementor-widget-wrap elementor-element-populated\">\n\t\t\t\t\t\t\t<\/div>\n\t\t<\/div>\n\t\t\t\t\t<\/div>\n\t\t<\/section>\n\t\t\t\t<section class=\"elementor-section elementor-top-section elementor-element elementor-element-e4c4de1 elementor-section-boxed elementor-section-height-default elementor-section-height-default\" data-id=\"e4c4de1\" data-element_type=\"section\" data-e-type=\"section\">\n\t\t\t\t\t\t<div class=\"elementor-container elementor-column-gap-default\">\n\t\t\t\t\t<div class=\"elementor-column elementor-col-33 elementor-top-column elementor-element elementor-element-989715d\" data-id=\"989715d\" data-element_type=\"column\" data-e-type=\"column\">\n\t\t\t<div class=\"elementor-widget-wrap\">\n\t\t\t\t\t\t\t<\/div>\n\t\t<\/div>\n\t\t\t\t<div class=\"elementor-column elementor-col-33 elementor-top-column elementor-element elementor-element-e230313\" data-id=\"e230313\" data-element_type=\"column\" data-e-type=\"column\">\n\t\t\t<div class=\"elementor-widget-wrap\">\n\t\t\t\t\t\t\t<\/div>\n\t\t<\/div>\n\t\t\t\t<div class=\"elementor-column elementor-col-33 elementor-top-column elementor-element elementor-element-3207529\" data-id=\"3207529\" data-element_type=\"column\" data-e-type=\"column\">\n\t\t\t<div class=\"elementor-widget-wrap\">\n\t\t\t\t\t\t\t<\/div>\n\t\t<\/div>\n\t\t\t\t\t<\/div>\n\t\t<\/section>\n\t\t\t\t<\/div>\n\t\t","protected":false},"excerpt":{"rendered":"<p>Votre panier Retour \u00e0 la boutique &nbsp; &nbsp; Produit Prix Quantit\u00e9 Sous-total &times; Brochettes Boulettes 4,50&nbsp;&euro; quantit\u00e9 de Brochettes Boulettes 22,50&nbsp;&euro; &times; Brochettes Noix De st Jacques 6,20&nbsp;&euro; quantit\u00e9 de Brochettes Noix De st Jacques 6,20&nbsp;&euro; Appliquer Total Sous-total 28,70&nbsp;&euro; Exp\u00e9dition Livraison gratuite Livraison Forfaitaire: 4,95&nbsp;&euro; R\u00e9cup\u00e9rer depuis le Restaurant Livraison \u00e0 11 rue malcom, [&hellip;]<\/p>\n","protected":false},"author":1,"featured_media":0,"parent":0,"menu_order":0,"comment_status":"closed","ping_status":"closed","template":"elementor_header_footer","meta":{"footnotes":""},"class_list":["post-176","page","type-page","status-publish","hentry"],"yoast_head":"<!-- This site is optimized with the Yoast SEO plugin v27.3 - https:\/\/yoast.com\/product\/yoast-seo-wordpress\/ -->\n<title>Panier - Nah Sushi<\/title>\n<meta name=\"robots\" content=\"index, follow, max-snippet:-1, max-image-preview:large, max-video-preview:-1\" \/>\n<link rel=\"canonical\" href=\"https:\/\/nahsushi.fr\/restos2\/panier\/\" \/>\n<meta property=\"og:locale\" content=\"fr_FR\" \/>\n<meta property=\"og:type\" content=\"article\" \/>\n<meta property=\"og:title\" content=\"Panier - Nah Sushi\" \/>\n<meta property=\"og:description\" content=\"Votre panier Retour \u00e0 la boutique &nbsp; &nbsp; Produit Prix Quantit\u00e9 Sous-total &times; Brochettes Boulettes 4,50&nbsp;&euro; quantit\u00e9 de Brochettes Boulettes 22,50&nbsp;&euro; &times; Brochettes Noix De st Jacques 6,20&nbsp;&euro; quantit\u00e9 de Brochettes Noix De st Jacques 6,20&nbsp;&euro; Appliquer Total Sous-total 28,70&nbsp;&euro; Exp\u00e9dition Livraison gratuite Livraison Forfaitaire: 4,95&nbsp;&euro; R\u00e9cup\u00e9rer depuis le Restaurant Livraison \u00e0 11 rue malcom, [&hellip;]\" \/>\n<meta property=\"og:url\" content=\"https:\/\/nahsushi.fr\/restos2\/panier\/\" \/>\n<meta property=\"og:site_name\" content=\"Nah Sushi\" \/>\n<meta property=\"article:modified_time\" content=\"2022-03-03T18:46:51+00:00\" \/>\n<meta property=\"og:image\" content=\"http:\/\/nahsushi.fr\/restos2\/wp-content\/uploads\/2022\/02\/B104-e1646091025104-300x300.png\" \/>\n<meta name=\"twitter:card\" content=\"summary_large_image\" \/>\n<script type=\"application\/ld+json\" class=\"yoast-schema-graph\">{\"@context\":\"https:\\\/\\\/schema.org\",\"@graph\":[{\"@type\":\"WebPage\",\"@id\":\"https:\\\/\\\/nahsushi.fr\\\/restos2\\\/panier\\\/\",\"url\":\"https:\\\/\\\/nahsushi.fr\\\/restos2\\\/panier\\\/\",\"name\":\"Panier - Nah Sushi\",\"isPartOf\":{\"@id\":\"http:\\\/\\\/nahsushi.fr\\\/restos2\\\/#website\"},\"primaryImageOfPage\":{\"@id\":\"https:\\\/\\\/nahsushi.fr\\\/restos2\\\/panier\\\/#primaryimage\"},\"image\":{\"@id\":\"https:\\\/\\\/nahsushi.fr\\\/restos2\\\/panier\\\/#primaryimage\"},\"thumbnailUrl\":\"http:\\\/\\\/nahsushi.fr\\\/restos2\\\/wp-content\\\/uploads\\\/2022\\\/02\\\/B104-e1646091025104-300x300.png\",\"datePublished\":\"2021-12-20T02:09:37+00:00\",\"dateModified\":\"2022-03-03T18:46:51+00:00\",\"breadcrumb\":{\"@id\":\"https:\\\/\\\/nahsushi.fr\\\/restos2\\\/panier\\\/#breadcrumb\"},\"inLanguage\":\"fr-FR\",\"potentialAction\":[{\"@type\":\"ReadAction\",\"target\":[\"https:\\\/\\\/nahsushi.fr\\\/restos2\\\/panier\\\/\"]}]},{\"@type\":\"ImageObject\",\"inLanguage\":\"fr-FR\",\"@id\":\"https:\\\/\\\/nahsushi.fr\\\/restos2\\\/panier\\\/#primaryimage\",\"url\":\"https:\\\/\\\/nahsushi.fr\\\/restos2\\\/wp-content\\\/uploads\\\/2022\\\/02\\\/B104-e1646091025104.png\",\"contentUrl\":\"https:\\\/\\\/nahsushi.fr\\\/restos2\\\/wp-content\\\/uploads\\\/2022\\\/02\\\/B104-e1646091025104.png\",\"width\":600,\"height\":600},{\"@type\":\"BreadcrumbList\",\"@id\":\"https:\\\/\\\/nahsushi.fr\\\/restos2\\\/panier\\\/#breadcrumb\",\"itemListElement\":[{\"@type\":\"ListItem\",\"position\":1,\"name\":\"Accueil\",\"item\":\"http:\\\/\\\/nahsushi.fr\\\/restos2\\\/\"},{\"@type\":\"ListItem\",\"position\":2,\"name\":\"Panier\"}]},{\"@type\":\"WebSite\",\"@id\":\"http:\\\/\\\/nahsushi.fr\\\/restos2\\\/#website\",\"url\":\"http:\\\/\\\/nahsushi.fr\\\/restos2\\\/\",\"name\":\"Nah Sushi\",\"description\":\"Des Sushis rapides en livraison et \u00e0 emporter dans \u00e0 Mantes la Ville\",\"publisher\":{\"@id\":\"http:\\\/\\\/nahsushi.fr\\\/restos2\\\/#organization\"},\"potentialAction\":[{\"@type\":\"SearchAction\",\"target\":{\"@type\":\"EntryPoint\",\"urlTemplate\":\"http:\\\/\\\/nahsushi.fr\\\/restos2\\\/?s={search_term_string}\"},\"query-input\":{\"@type\":\"PropertyValueSpecification\",\"valueRequired\":true,\"valueName\":\"search_term_string\"}}],\"inLanguage\":\"fr-FR\"},{\"@type\":\"Organization\",\"@id\":\"http:\\\/\\\/nahsushi.fr\\\/restos2\\\/#organization\",\"name\":\"Nah Sushi\",\"url\":\"http:\\\/\\\/nahsushi.fr\\\/restos2\\\/\",\"logo\":{\"@type\":\"ImageObject\",\"inLanguage\":\"fr-FR\",\"@id\":\"http:\\\/\\\/nahsushi.fr\\\/restos2\\\/#\\\/schema\\\/logo\\\/image\\\/\",\"url\":\"https:\\\/\\\/nahsushi.fr\\\/restos2\\\/wp-content\\\/uploads\\\/2021\\\/12\\\/logo-nah-sushi-Bl-150.png\",\"contentUrl\":\"https:\\\/\\\/nahsushi.fr\\\/restos2\\\/wp-content\\\/uploads\\\/2021\\\/12\\\/logo-nah-sushi-Bl-150.png\",\"width\":150,\"height\":34,\"caption\":\"Nah Sushi\"},\"image\":{\"@id\":\"http:\\\/\\\/nahsushi.fr\\\/restos2\\\/#\\\/schema\\\/logo\\\/image\\\/\"}}]}<\/script>\n<!-- \/ Yoast SEO plugin. -->","yoast_head_json":{"title":"Panier - Nah Sushi","robots":{"index":"index","follow":"follow","max-snippet":"max-snippet:-1","max-image-preview":"max-image-preview:large","max-video-preview":"max-video-preview:-1"},"canonical":"https:\/\/nahsushi.fr\/restos2\/panier\/","og_locale":"fr_FR","og_type":"article","og_title":"Panier - Nah Sushi","og_description":"Votre panier Retour \u00e0 la boutique &nbsp; &nbsp; Produit Prix Quantit\u00e9 Sous-total &times; Brochettes Boulettes 4,50&nbsp;&euro; quantit\u00e9 de Brochettes Boulettes 22,50&nbsp;&euro; &times; Brochettes Noix De st Jacques 6,20&nbsp;&euro; quantit\u00e9 de Brochettes Noix De st Jacques 6,20&nbsp;&euro; Appliquer Total Sous-total 28,70&nbsp;&euro; Exp\u00e9dition Livraison gratuite Livraison Forfaitaire: 4,95&nbsp;&euro; R\u00e9cup\u00e9rer depuis le Restaurant Livraison \u00e0 11 rue malcom, [&hellip;]","og_url":"https:\/\/nahsushi.fr\/restos2\/panier\/","og_site_name":"Nah Sushi","article_modified_time":"2022-03-03T18:46:51+00:00","og_image":[{"url":"http:\/\/nahsushi.fr\/restos2\/wp-content\/uploads\/2022\/02\/B104-e1646091025104-300x300.png","type":"","width":"","height":""}],"twitter_card":"summary_large_image","schema":{"@context":"https:\/\/schema.org","@graph":[{"@type":"WebPage","@id":"https:\/\/nahsushi.fr\/restos2\/panier\/","url":"https:\/\/nahsushi.fr\/restos2\/panier\/","name":"Panier - Nah Sushi","isPartOf":{"@id":"http:\/\/nahsushi.fr\/restos2\/#website"},"primaryImageOfPage":{"@id":"https:\/\/nahsushi.fr\/restos2\/panier\/#primaryimage"},"image":{"@id":"https:\/\/nahsushi.fr\/restos2\/panier\/#primaryimage"},"thumbnailUrl":"http:\/\/nahsushi.fr\/restos2\/wp-content\/uploads\/2022\/02\/B104-e1646091025104-300x300.png","datePublished":"2021-12-20T02:09:37+00:00","dateModified":"2022-03-03T18:46:51+00:00","breadcrumb":{"@id":"https:\/\/nahsushi.fr\/restos2\/panier\/#breadcrumb"},"inLanguage":"fr-FR","potentialAction":[{"@type":"ReadAction","target":["https:\/\/nahsushi.fr\/restos2\/panier\/"]}]},{"@type":"ImageObject","inLanguage":"fr-FR","@id":"https:\/\/nahsushi.fr\/restos2\/panier\/#primaryimage","url":"https:\/\/nahsushi.fr\/restos2\/wp-content\/uploads\/2022\/02\/B104-e1646091025104.png","contentUrl":"https:\/\/nahsushi.fr\/restos2\/wp-content\/uploads\/2022\/02\/B104-e1646091025104.png","width":600,"height":600},{"@type":"BreadcrumbList","@id":"https:\/\/nahsushi.fr\/restos2\/panier\/#breadcrumb","itemListElement":[{"@type":"ListItem","position":1,"name":"Accueil","item":"http:\/\/nahsushi.fr\/restos2\/"},{"@type":"ListItem","position":2,"name":"Panier"}]},{"@type":"WebSite","@id":"http:\/\/nahsushi.fr\/restos2\/#website","url":"http:\/\/nahsushi.fr\/restos2\/","name":"Nah Sushi","description":"Des Sushis rapides en livraison et \u00e0 emporter dans \u00e0 Mantes la Ville","publisher":{"@id":"http:\/\/nahsushi.fr\/restos2\/#organization"},"potentialAction":[{"@type":"SearchAction","target":{"@type":"EntryPoint","urlTemplate":"http:\/\/nahsushi.fr\/restos2\/?s={search_term_string}"},"query-input":{"@type":"PropertyValueSpecification","valueRequired":true,"valueName":"search_term_string"}}],"inLanguage":"fr-FR"},{"@type":"Organization","@id":"http:\/\/nahsushi.fr\/restos2\/#organization","name":"Nah Sushi","url":"http:\/\/nahsushi.fr\/restos2\/","logo":{"@type":"ImageObject","inLanguage":"fr-FR","@id":"http:\/\/nahsushi.fr\/restos2\/#\/schema\/logo\/image\/","url":"https:\/\/nahsushi.fr\/restos2\/wp-content\/uploads\/2021\/12\/logo-nah-sushi-Bl-150.png","contentUrl":"https:\/\/nahsushi.fr\/restos2\/wp-content\/uploads\/2021\/12\/logo-nah-sushi-Bl-150.png","width":150,"height":34,"caption":"Nah Sushi"},"image":{"@id":"http:\/\/nahsushi.fr\/restos2\/#\/schema\/logo\/image\/"}}]}},"_links":{"self":[{"href":"https:\/\/nahsushi.fr\/restos2\/wp-json\/wp\/v2\/pages\/176","targetHints":{"allow":["GET"]}}],"collection":[{"href":"https:\/\/nahsushi.fr\/restos2\/wp-json\/wp\/v2\/pages"}],"about":[{"href":"https:\/\/nahsushi.fr\/restos2\/wp-json\/wp\/v2\/types\/page"}],"author":[{"embeddable":true,"href":"https:\/\/nahsushi.fr\/restos2\/wp-json\/wp\/v2\/users\/1"}],"replies":[{"embeddable":true,"href":"https:\/\/nahsushi.fr\/restos2\/wp-json\/wp\/v2\/comments?post=176"}],"version-history":[{"count":63,"href":"https:\/\/nahsushi.fr\/restos2\/wp-json\/wp\/v2\/pages\/176\/revisions"}],"predecessor-version":[{"id":2053,"href":"https:\/\/nahsushi.fr\/restos2\/wp-json\/wp\/v2\/pages\/176\/revisions\/2053"}],"wp:attachment":[{"href":"https:\/\/nahsushi.fr\/restos2\/wp-json\/wp\/v2\/media?parent=176"}],"curies":[{"name":"wp","href":"https:\/\/api.w.org\/{rel}","templated":true}]}}